2*y = m + 1. Let p(k) = y*i(k) + 5*z(k). Give p(0).
-8
Let m(i) = 3*i**2 + 8*i + 9. Let p(v) = 0*v - 3*v**2 - 4 - 4*v + 2*v**2. Let f(y) = -3*m(y) - 7*p(y). Calculate f(3).
-5
Let k(g) = -2*g - 3 - 4 + 4. Let x(c) = -c**3 + 5*c**2 - 2. Let w be x(5). Give k(w).
1
Let j(i) = i**2 + 4*i + 1. Let c(m) = -3*m. Let o be c(-2). Let g = -10 + o. Let a be ((-3)/g)/(1/(-4)). Calculate j(a).
-2
Let n(f) = -f**3 - f**2. Let a(h) = 2*h**3 - h**2 + 2*h - 1. Let d(x) = -a(x) + n(x). Let q = -77 - -78. What is d(q)?
-4
Let r(h) be the third derivative of -1/4*h**4 + 2/3*h**3 + 0*h - 2*h**2 - 1/60*h**5 + 0. What is r(-6)?
4
Let h(o) be the second derivative of o**7/2520 + o**6/120 + o**5/60 + o**4/2 + 6*o. Let y(x) be the third derivative of h(x). What is y(-3)?
-7
Suppose 0 = 4*d - 8*d - 3*w - 27, -5*w = 3*d + 34. Let p(y) be the second derivative of y**4/12 + 5*y**3/6 + y**2 + 2*y. What is p(d)?
-4
Let u be (-1 - 1)*(-115)/46. Let c(g) = -5*g + g + 3*g - 2. What is c(u)?
-7
Let g(m) = -m**2 + 2*m + 3. Suppose -5*j + 18 - 3 = 0, 12 = -5*r - j. Let p be r - ((-10)/1 - -3). Determine g(p).
-5
Let b(u) be the second derivative of -u**4/12 + 2*u**3 - 7*u**2 + 2*u. Let y be b(11). Let w(z) = -z**2 - 4*z - 2. Calculate w(y).
1
Let x(o) be the second derivative of -o**3/3 - 7*o**2/2 - 10*o. Determine x(-8).
9
Suppose 4*c = 8*c + 16. Let j(s) = s**3 + 4*s**2 - 4*s - 3. What is j(c)?
13
Let t(u) = u**2 - 2*u. Let s be t(3). Suppose -1 = g + s. Let x(q) = 0*q**3 - 2 - 9*q**2 - q**3 + 6*q**2 + 3*q. Give x(g).
2
Let b(l) = l + 4*l - l + 1 + 3*l. Calculate b(-1).
-6
Let o(w) be the first derivative of w**2 - 12*w + 6 - 14*w + 18*w. What is o(6)?
4
Let o(d) = -6*d - 2 - 4 + 5 - d**2 + 2*d. Calculate o(-5).
-6
Let s(t) = 15*t - t**2 + 2 - 12 - 1. Let a be s(14). Let o(j) = 3*j**2 - 3*j - 4. What is o(a)?
14
Let p(b) = b**2 - 6*b + 5. Let w be 1*-2*9/6. Let v(z) = -z**2 - 6*z - 3. Let a be v(w). Calculate p(a).
5
Suppose -3*r = 3*q - 8*r + 1, 5*q + 2*r - 19 = 0. Let v(z) be the second derivative of -3*z + 0 - 2/3*z**q + 2*z**2. Give v(3).
-8
Suppose 5*l - 30 = 3*q - 7*q, l = 4*q - 18. Let h(y) = -4*y + l*y - y. Let b(a) = -a**2 - 6*a + 5. Let m be b(-7). Calculate h(m).
6
Suppose -2*v + 0*v + r = -2, 0 = -2*v + 2*r. Let g(d) = 2*d**2 - 3*d + 0*d + d**3 - d**2 + v*d. Determine g(1).
1
Let d(m) = m**3 + 2*m**2 + 0*m**2 - m**2. Let t = 8 + -9. Give d(t).
0
Let r be 40/7 + 20/70. Let t(d) = -d**2 + 5*d - 2. What is t(r)?
-8
Let f be (-3 + 3/(-6))*-2. Let u(h) = -2*h + 1. Calculate u(f).
-13
Let w(n) be the second derivative of -1/6*n**4 - 1/3*n**3 - 1/2*n**2 + 3/10*n**5 + 2*n + 0. Calculate w(-1).
-7
Let u(b) = -19*b + 3*b + 12*b. Give u(2).
-8
Suppose -v + 2 - 12 = -4*n, 0 = -4*n + 5*v + 2. Let c(q) be the third derivative of 0 - 3*q**2 + 1/60*q**5 - 5/24*q**4 + 0*q - 1/2*q**n. Determine c(4).
-7
Let f(u) = -u**2 - 7. Let t = -10 + 6. Let c be t/16 + (-1)/(-4). Give f(c).
-7
Let m(f) = -23*f - 18*f + 5*f**2 + 39*f - 1. Suppose 1 = t + 2. Determine m(t).
6
Let b = 6 + -6. Suppose -4 = 2*s + 4*t, -5*s + b*s - 4*t + 14 = 0. Let y(g) = -g**3 + 5*g**2 + 6*g + 5. Give y(s).
5
Suppose 6 = -2*c - 0. Let x(o) = -3*o - 3. Calculate x(c).
6
Let u = 1 + 0. Let w be (2 + u - 4)/(-1). Let t(c) be the first derivative of -c**2 - c + 1. Give t(w).
-3
Let n(k) = 5*k**3 - 7*k**2 + 7*k + 2. Let g = 14 + -7. Let o(s) = 6*s**3 - 8*s**2 + 8*s + 2. Let d(b) = g*n(b) - 6*o(b). Suppose 0*m + 6 = 3*m. Calculate d(m).
-8
Let c(m) = 2*m - 5. Let n = -98 - -102. Give c(n).
3
Suppose 20 = 7*g - 2*g. Let p(t) = -t + g*t**3 + t**2 - 3*t**3 + t**2 - 2*t**3 - 2. What is p(2)?
-4
Let p(j) = -2*j - 1. Suppose -3 = -2*t - 9. Let r be p(t). Let y(q) be the first derivative of q**3/3 - 2*q**2 - 2*q + 1. What is y(r)?
3
Let a(u) be the first derivative of -2*u**3 + 1/4*u**4 + 6 + 0*u + 2*u**2. Give a(5).
-5
Let l = -8 + 16. Suppose 0*n - m = n - 2, -m = 3*n - l. Let q(d) be the first derivative of -d**2 - d - 3. What is q(n)?
-7
Let a = 1 + 7. Let z(t) = -a - t + 2*t + 1. Give z(0).
-7
Let u(n) = n**3 - 10*n**2 + 8*n + 1. Suppose 0 = 6*o - 7*o + 4. Let s(k) = -2*k**3 + 21*k**2 - 17*k - 3. Let i(z) = o*s(z) + 9*u(z). Calculate i(5).
-8
Let r(g) be the first derivative of g**4/4 - 2*g**3 + 3*g**2/2 + 3*g + 1. Let d = -4 - -6. Suppose d*j = -0*j + 10. Determine r(j).
-7
Let p(d) = -d**2 - 6*d + 4. Let x(s) = -s**2 - 5*s + 8. Let w be x(-7). Give p(w).
4
Let t(n) = 5*n - 3. Let m(j) = -j - 1. Let p(a) = -2*m(a) - t(a). Let i = 11 + -6. Give p(i).
-10
Let u = -17 - -20. Let d(w) = 5*w**2 - 6*w**2 + 1 + 6*w - 4. What is d(u)?
6
Let t(n) = 0*n**2 + 3*n**3 + 0*n + 3*n - 3 + 6*n**2 - 2*n**3. Calculate t(-5).
7
Let y be (-12)/((-10)/(-4) + -4). Let p(b) = b**3 - 8*b**2 + b - 4. What is p(y)?
4
Suppose 2*m = 3*x - 2, m = 2*x - 5*x + 8. Let p(g) = 5*g**3 - 5*g**2 - 2*g - 7. Let s(o) = 4*o**3 - 4*o**2 - o - 6. Let f(i) = -3*p(i) + 4*s(i). What is f(x)?
5
Let g(v) = -10*v + 12*v + 1 + v**3 - 2*v**2 - 2*v**2 + 1. Determine g(2).
-2
Let v(x) = x**3 + 4*x**2 + 2*x. Let b = -3 - -6. Suppose -3 = 2*u + b. What is v(u)?
3
Let l(c) = -3*c**3 - c. Let f be l(-1). Let v(o) = -o**2 + 3 - f*o - 1 + 2 + 0*o**2. Let x(d) = -d**3 + 6*d**2 - 2*d + 7. Let g be x(6). Calculate v(g).
-1
Let v = 28 - 22. Let x(g) = -g**3 + 7*g**2 - 3*g - 5. Give x(v).
13
Let n(h) be the first derivative of -h**2/2 + 5*h + 3. Determine n(7).
-2
Let t(n) = n. Let j(o) = 3*o**2 + 15*o + 1. Let u(y) = y**2 + 5*y. Let h(s) = 2*j(s) - 7*u(s). Let p be h(-5). What is t(p)?
2
Let x(r) = -r**3 + r**2 - r - 3. Let m(j) = j + 9. Let i be m(-10). Let t(h) be the first derivative of -h**3/3 + h - 1. Let k(l) = i*x(l) - 6*t(l). Give k(-4).
9
Let b(p) = p - 1. Let v(o) = 3*o - 12. Let z(g) = -4*b(g) + v(g). Calculate z(-6).
-2
Suppose 20 = -4*l - 0*l. Let h(u) be the third derivative of u**5/60 + 7*u**4/24 + 2*u**3/3 - 3*u**2. Give h(l).
-6
Let l = 132 - 137. Let i(z) = -z**3 - 4*z**2 + z - 5. What is i(l)?
15
Let t(i) = -4 + 2*i**2 - i + 2*i**2 - 3*i**2 - 3*i. Calculate t(4).
-4
Let r(t) = -1 + 3*t + 2 + t - 2. Let k(j) = -2*j - 6. Let m be k(-4). What is r(m)?
7
Let r(a) = 2*a**2 - 4. Let b be r(2). Suppose -15 = 9*z - b*z. Let x(v) = v**3 + 3*v**2 + 2*v + 2. Give x(z).
-4
Let r(k) = 258*k - 11*k**2 - 272*k + 17 + 0*k**3 + k**3. Give r(12).
-7
Let f be (-37)/(-22) - (-34)/(-187). Let w(y) be the first derivative of -1/4*y**4 + 3 + 0*y - y**3 + f*y**2. Calculate w(-4).
4
Let j(a) = 8*a**3 + a**2 - 1. Let t be 15/20 - 1/(-4). Let n be (-9)/12 - t/4. Calculate j(n).
-8
Let k = 401/984 + -15/41. Let u(h) be the third derivative of 0*h + 0*h**3 + k*h**4 - h**2 + 0. What is u(0)?
0
Let a = 37 + -40. Let h(u) = -u**3 + u - 3. What is h(a)?
21
Let c(h) = -h**2 - 9*h - 2. Let b(v) = -3*v - 23. Let z be b(-5). Calculate c(z).
6
Let i(c) = 4*c + 2 + 0 - 5*c. Let m(q) = q + 3. Let z be m(0). Suppose -3*y - 5*p = 20, 16 = y + z*y - 4*p. What is i(y)?
2
Let g be (-7)/(-3) + (-2)/6. Let u(c) = 1. Let p(o) = -2*o - 6. Let v(m) = m - 5. Let a be v(4). Let l(h) = a*p(h) - 6*u(h). What is l(g)?
4
Let z = 102 - 70. Suppose 4*w = -o - 82, -o = -2*w + 3*o - z. Let u be 1/(-4) + 35/w. Let g(k) = -3*k**2 - k + 1. What is g(u)?
-9
Let m(j) = -11*j**2 - 6*j**3 - 12*j + 16 + j**2 + 7*j**3. Calculate m(11).
5
Suppose -3 = -3*z - 0. Let x(t) = 7*t**2 + 0*t**3 - 4 - t**3 - z - 5*t. Let j be x(6). Let k(n) = 9*n**3 - n**2. Determine k(j).
8
Let x(v) = -v**2 + 6*v - 3. Suppose 3*w - 14 = -2. What is x(w)?
5
Let x(d) = -d**3 + d + 2. Let t be x(0). Let i(p) = 4 + p - 6*p**t + 2*p**2 + 2*p + 3*p**2. What is i(3)?
4
Let m(n) = -n + 9. Let d(w) = -w**2 - 12*w - 4. Let q be d(-11). What is m(q)?
2
Let a(g) = g - 6. Suppose 5*l = -i - 3 + 2, 0 = -i + l + 5. Let x(h) = 30*h**3 - 2*h**2 + 3*h - 2. Let w be x(1). Suppose -i*m + w = 9. Give a(m).
-1
Let m(q) be the third derivative of q**6/120 + q**5/30 - 5*q**4/24 - q**3/2 - 14*q**2. Give m(-3).
3
Let u(p) = 3*p + 7*p - 4*p - 5*p. Let d(n) = -4*n + 6. Let y be d(4). Let v = y + 5. Determine u(v).
-5
Let o = -11 - -16. Let j(d) = 2*d**2 - 4*d - 6 - o*d**2 + 2 + d**3. Determine j(4).
-4
Let s(v) = v**2 + 5*v + 4. Let w(o) = o + 1. Let a(m) = -s(m) + 3*w(m). Give a(-2).
-1
Let f(a) = a**3 - 8*a**2 + a - 6. Let x be (-52)/(-7) - 72/(-126). Calculate f(x).
2
Let y(w) 